{"id":244,"date":"2021-04-21T13:05:16","date_gmt":"2021-04-21T11:05:16","guid":{"rendered":"https:\/\/praxis-dr-benner.de\/?page_id=244"},"modified":"2025-05-12T15:03:45","modified_gmt":"2025-05-12T13:03:45","slug":"schlafapnoe","status":"publish","type":"page","link":"https:\/\/praxis-dr-benner.de\/en\/leistungen\/schlafapnoe\/","title":{"rendered":"Schlafapnoe"},"content":{"rendered":"\n<figure class=\"wp-block-image size-full\"><img decoding=\"async\" width=\"1920\" height=\"436\" data-src=\"https:\/\/praxis-dr-benner.de\/wp-content\/uploads\/2021\/05\/schlafapnoe_header.jpg\" alt=\"Zahnarzt Dr. Benner\" class=\"wp-image-402 lazyload\" title=\"Zahnarzt Dr. Benner\" data-srcset=\"https:\/\/praxis-dr-benner.de\/wp-content\/uploads\/2021\/05\/schlafapnoe_header.jpg 1920w, https:\/\/praxis-dr-benner.de\/wp-content\/uploads\/2021\/05\/schlafapnoe_header-300x68.jpg 300w, https:\/\/praxis-dr-benner.de\/wp-content\/uploads\/2021\/05\/schlafapnoe_header-1024x233.jpg 1024w, https:\/\/praxis-dr-benner.de\/wp-content\/uploads\/2021\/05\/schlafapnoe_header-768x174.jpg 768w, https:\/\/praxis-dr-benner.de\/wp-content\/uploads\/2021\/05\/schlafapnoe_header-1536x349.jpg 1536w\" data-sizes=\"(max-width: 1920px) 100vw, 1920px\" src=\"data:image\/svg+xml;base64,PHN2ZyB3aWR0aD0iMSIgaGVpZ2h0PSIxIiB4bWxucz0iaHR0cDovL3d3dy53My5vcmcvMjAwMC9zdmciPjwvc3ZnPg==\" style=\"--smush-placeholder-width: 1920px; --smush-placeholder-aspect-ratio: 1920\/436;\" \/><\/figure>\n\n\n\n<div class=\"wp-block-group fixed-size\"><div class=\"wp-block-group__inner-container is-layout-flow wp-block-group-is-layout-flow\">\n<div style=\"height:35px\" aria-hidden=\"true\" class=\"wp-block-spacer\"><\/div>\n\n\n\n<h2 class=\"wp-block-heading\">Schlafapnoe<\/h2>\n\n\n\n<p>Durch periodische Verengungen der oberen Atemwege bedingt kommt es zu lauten Atemger\u00e4uschen w\u00e4hrend des Schlafens. In starken F\u00e4llen kann dies zu einer Minderbel\u00fcftung der Lunge f\u00fchren, weshalb in Kooperation mit Hals-Nasen-Ohren\u00e4rzten Folgegefahren (Bluthochdruck, Herzinfarkt oder Schlaganfall) ausgeschlossen werden m\u00fcssen.<\/p>\n\n\n\n<div class=\"wp-block-group fixed-size\"><div class=\"wp-block-group__inner-container is-layout-flow wp-block-group-is-layout-flow\">\n<div style=\"height:40px\" aria-hidden=\"true\" class=\"wp-block-spacer\"><\/div>\n\n\n\n<div class=\"wp-block-columns is-layout-flex wp-container-core-columns-is-layout-9d6595d7 wp-block-columns-is-layout-flex\">\n<div class=\"wp-block-column is-vertically-aligned-center is-layout-flow wp-block-column-is-layout-flow\">\n<figure class=\"wp-block-image size-large\"><img decoding=\"async\" width=\"411\" height=\"340\" data-src=\"https:\/\/praxis-dr-benner.de\/wp-content\/uploads\/2021\/05\/schlafapnoe_content01.jpg\" alt=\"Zahnarzt Dr. Benner\" class=\"wp-image-400 lazyload\" title=\"Zahnarzt Dr. Benner\" data-srcset=\"https:\/\/praxis-dr-benner.de\/wp-content\/uploads\/2021\/05\/schlafapnoe_content01.jpg 411w, https:\/\/praxis-dr-benner.de\/wp-content\/uploads\/2021\/05\/schlafapnoe_content01-300x248.jpg 300w\" data-sizes=\"(max-width: 411px) 100vw, 411px\" src=\"data:image\/svg+xml;base64,PHN2ZyB3aWR0aD0iMSIgaGVpZ2h0PSIxIiB4bWxucz0iaHR0cDovL3d3dy53My5vcmcvMjAwMC9zdmciPjwvc3ZnPg==\" style=\"--smush-placeholder-width: 411px; --smush-placeholder-aspect-ratio: 411\/340;\" \/><\/figure>\n\n\n\n<p><\/p>\n<\/div>\n\n\n\n<div class=\"wp-block-column is-layout-flow wp-block-column-is-layout-flow\">\n<h4 class=\"wp-block-heading\">Der Kiefer muss nach vorne<\/h4>\n\n\n\n<p>Durch eine sogenannte Unterkieferprotrusionsschiene wird der Unterkiefer in eine forcierte Vorschubhaltung gebracht. Dadurch sind die Zunge und weitere einengende Strukturen nach vorne verlagert und der Rachen wird gespannt. Dies garantiert, dass die Atemwege frei bleiben und der Atemwegswiderstand verringert wird.<\/p>\n\n\n\n<div style=\"height:35px\" aria-hidden=\"true\" class=\"wp-block-spacer\"><\/div>\n<\/div>\n<\/div>\n\n\n\n<div style=\"height:20px\" aria-hidden=\"true\" class=\"wp-block-spacer\"><\/div>\n<\/div><\/div>\n<\/div><\/div>\n\n\n\n<div class=\"wp-block-group full-size light-blue\"><div class=\"wp-block-group__inner-container is-layout-flow wp-block-group-is-layout-flow\">\n<div style=\"height:20px\" aria-hidden=\"true\" class=\"wp-block-spacer\"><\/div>\n\n\n\n<div class=\"wp-block-columns fixed-size is-layout-flex wp-container-core-columns-is-layout-9d6595d7 wp-block-columns-is-layout-flex\">\n<div class=\"wp-block-column is-vertically-aligned-center is-layout-flow wp-block-column-is-layout-flow\">\n<h2 class=\"wp-block-heading\">Ruhe f\u00fcr den Schlafnachbarn<\/h2>\n\n\n\n<p>Die Vorteile der Therapie sind nicht nur, dass man selbst erholsamer und ruhiger schl\u00e4ft. Auch f\u00fcr die Person, die neben einem liegt, werden die N\u00e4chte deutlich angenehmer und geruhsamer. Scheuen Sie sich nicht, uns anzusprechen!<\/p>\n<\/div>\n\n\n\n<div class=\"wp-block-column is-layout-flow wp-block-column-is-layout-flow\"><div class=\"wp-block-image\">\n<figure class=\"alignright size-large\"><img decoding=\"async\" width=\"411\" height=\"340\" data-src=\"https:\/\/praxis-dr-benner.de\/wp-content\/uploads\/2021\/05\/schlafapnoe_content02.jpg\" alt=\"Zahnarzt Dr. Benner\" class=\"wp-image-401 lazyload\" title=\"Zahnarzt Dr. Benner\" data-srcset=\"https:\/\/praxis-dr-benner.de\/wp-content\/uploads\/2021\/05\/schlafapnoe_content02.jpg 411w, https:\/\/praxis-dr-benner.de\/wp-content\/uploads\/2021\/05\/schlafapnoe_content02-300x248.jpg 300w\" data-sizes=\"(max-width: 411px) 100vw, 411px\" src=\"data:image\/svg+xml;base64,PHN2ZyB3aWR0aD0iMSIgaGVpZ2h0PSIxIiB4bWxucz0iaHR0cDovL3d3dy53My5vcmcvMjAwMC9zdmciPjwvc3ZnPg==\" style=\"--smush-placeholder-width: 411px; --smush-placeholder-aspect-ratio: 411\/340;\" \/><\/figure>\n<\/div><\/div>\n<\/div>\n\n\n\n<div style=\"height:21px\" aria-hidden=\"true\" class=\"wp-block-spacer\"><\/div>\n<\/div><\/div>\n\n\n\n<div class=\"wp-block-columns wp-splate-before-footer is-layout-flex wp-container-core-columns-is-layout-9d6595d7 wp-block-columns-is-layout-flex\">\n<div class=\"wp-block-column spalte-color is-layout-flow wp-block-column-is-layout-flow\">\n<div style=\"height:40px\" aria-hidden=\"true\" class=\"wp-block-spacer\"><\/div>\n\n\n\n\n<div id=\"wk-gridc88\" class=\"uk-grid-width-1-1 uk-grid-width-small-1-1 uk-grid-width-medium-1-1 uk-grid-width-large-1-2 uk-grid-width-xlarge-1-2 uk-grid uk-grid-match uk-text-left \" data-uk-grid-match=\"{target:'> div > .uk-panel', row:true}\" data-uk-grid-margin  data-uk-scrollspy=\"{cls:'uk-animation-scale-up uk-invisible', target:'> div > .uk-panel', delay:300}\">\n\n\n    <div>\n        <div class=\"uk-panel uk-invisible\">\n\n            \n            \n                        <div class=\"uk-text-center uk-margin uk-margin-top-remove\"><img decoding=\"async\" data-src=\"\/wp-content\/uploads\/2025\/05\/icon1.png\" alt=\"PRAXIS\" width=\"96\" height=\"91\" title=\"Zahnarzt Dr. Benner\" src=\"data:image\/svg+xml;base64,PHN2ZyB3aWR0aD0iMSIgaGVpZ2h0PSIxIiB4bWxucz0iaHR0cDovL3d3dy53My5vcmcvMjAwMC9zdmciPjwvc3ZnPg==\" class=\"lazyload\" style=\"--smush-placeholder-width: 96px; --smush-placeholder-aspect-ratio: 96\/91;\"><\/div>\n            \n            \n            \n            \n            \n                        <div class=\"uk-margin\"><div id=\"kontakt_\">.<\/div>\n<h5>zahnmedizin rheinland<\/h5>\nLandstr. 23<br>\n50374 Erftstadt<br>\nTel. 02235 &#8211; 6525<br>\n<a href=\"mailto:info@praxis-dr-benner.de\">info@praxis-dr-benner.de<\/a><br>\n<a href=\"https:\/\/praxis-dr-benner.de\">www.praxis-dr-benner.de<\/a><br>\n<hr><\/div>\n            \n            \n            \n            \n        <\/div>\n    <\/div>\n\n\n<\/div>\n\n<script>\n(function($){\n\n    \/\/ get the images of the gallery and replace it by a canvas of the same size to fix the problem with overlapping images on load.\n    $('img[width][height]:not(.uk-overlay-panel)', $('#wk-gridc88')).each(function() {\n\n        var $img = $(this);\n\n        if (this.width == 'auto' || this.height == 'auto' || !$img.is(':visible')) {\n            return;\n        }\n\n        var $canvas = $('<canvas class=\"uk-responsive-width\"><\/canvas>').attr({width:$img.attr('width'), height:$img.attr('height')}),\n            img = new Image,\n            release = function() {\n                $canvas.remove();\n                $img.css('display', '');\n                release = function(){};\n            };\n\n        $img.css('display', 'none').after($canvas);\n\n        $(img).on('load', function(){ release(); });\n        setTimeout(function(){ release(); }, 1000);\n\n        img.src = this.src;\n\n    });\n\n})(jQuery);\n<\/script>\n\n\n\n\n<div style=\"height:40px\" aria-hidden=\"true\" class=\"wp-block-spacer\"><\/div>\n<\/div>\n\n\n\n<div class=\"wp-block-column spalte-oz-block is-layout-flow wp-block-column-is-layout-flow\">\n<div style=\"height:71px\" aria-hidden=\"true\" class=\"wp-block-spacer\"><\/div>\n\n\n\n\n<div id=\"wk-grid89b\" class=\"uk-grid-width-1-1 uk-grid-width-small-1-1 uk-grid-width-medium-1-1 uk-grid-width-large-1-2 uk-grid-width-xlarge-1-2 uk-grid uk-grid-match uk-text-left landigpage-oz\" data-uk-grid-match=\"{target:'> div > .uk-panel', row:true}\" data-uk-grid-margin  data-uk-scrollspy=\"{cls:'uk-animation-scale-up uk-invisible', target:'> div > .uk-panel', delay:300}\">\n\n\n    <div>\n        <div class=\"uk-panel uk-invisible\">\n\n            \n            \n            \n            \n                        <h3 class=\"uk-panel-title\">\n\n                                    \u00d6ffnungszeiten                \n                \n            <\/h3>\n            \n            \n            \n                        <div class=\"uk-margin\"><div class=\"\">\n<div id=\"oeffnungszeiten_\">.<\/div>\n<table>\n<tbody>\n<tr>\n<td>Montag<\/td>\n<td>07:30 &#8211; 19:30 Uhr<\/td>\n<\/tr>\n<tr>\n<td>Dienstag<\/td>\n<td>07:30 &#8211; 19:30 Uhr<\/td>\n<\/tr>\n<tr>\n<td>Mittwoch<\/td>\n<td>07:30 &#8211; 17:00 Uhr<\/td>\n<\/tr>\n<tr>\n<td>Donnerstag<\/td>\n<td>07:30 &#8211; 19:30 Uhr<\/td>\n<\/tr>\n<tr>\n<td>Freitag<\/td>\n<td>07:30 &#8211; 13:30 Uhr<\/td>\n<\/tr>\n<\/tbody>\n<\/table><\/div>\n<\/div>\n            \n            \n            \n            \n        <\/div>\n    <\/div>\n\n\n<\/div>\n\n<script>\n(function($){\n\n    \/\/ get the images of the gallery and replace it by a canvas of the same size to fix the problem with overlapping images on load.\n    $('img[width][height]:not(.uk-overlay-panel)', $('#wk-grid89b')).each(function() {\n\n        var $img = $(this);\n\n        if (this.width == 'auto' || this.height == 'auto' || !$img.is(':visible')) {\n            return;\n        }\n\n        var $canvas = $('<canvas class=\"uk-responsive-width\"><\/canvas>').attr({width:$img.attr('width'), height:$img.attr('height')}),\n            img = new Image,\n            release = function() {\n                $canvas.remove();\n                $img.css('display', '');\n                release = function(){};\n            };\n\n        $img.css('display', 'none').after($canvas);\n\n        $(img).on('load', function(){ release(); });\n        setTimeout(function(){ release(); }, 1000);\n\n        img.src = this.src;\n\n    });\n\n})(jQuery);\n<\/script>\n\n\n\n\n<div style=\"height:10px\" aria-hidden=\"true\" class=\"wp-block-spacer\"><\/div>\n\n\n\n<p><\/p>\n<\/div>\n<\/div>\n","protected":false},"excerpt":{"rendered":"<p>Schlafapnoe Durch periodische Verengungen der oberen Atemwege bedingt kommt es zu lauten Atemger\u00e4uschen w\u00e4hrend des Schlafens. In starken F\u00e4llen kann dies zu einer Minderbel\u00fcftung der Lunge f\u00fchren, weshalb in Kooperation mit Hals-Nasen-Ohren\u00e4rzten Folgegefahren (Bluthochdruck, Herzinfarkt oder Schlaganfall) ausgeschlossen werden m\u00fcssen. Der Kiefer muss nach vorne Durch eine sogenannte Unterkieferprotrusionsschiene wird der Unterkiefer in eine forcierte [&hellip;]<\/p>\n","protected":false},"author":1,"featured_media":0,"parent":165,"menu_order":0,"comment_status":"closed","ping_status":"closed","template":"","meta":{"_custom_body_class":"landingpage","_custom_post_class":"","footnotes":""},"class_list":["post-244","page","type-page","status-publish","hentry"],"_links":{"self":[{"href":"https:\/\/praxis-dr-benner.de\/en\/wp-json\/wp\/v2\/pages\/244","targetHints":{"allow":["GET"]}}],"collection":[{"href":"https:\/\/praxis-dr-benner.de\/en\/wp-json\/wp\/v2\/pages"}],"about":[{"href":"https:\/\/praxis-dr-benner.de\/en\/wp-json\/wp\/v2\/types\/page"}],"author":[{"embeddable":true,"href":"https:\/\/praxis-dr-benner.de\/en\/wp-json\/wp\/v2\/users\/1"}],"replies":[{"embeddable":true,"href":"https:\/\/praxis-dr-benner.de\/en\/wp-json\/wp\/v2\/comments?post=244"}],"version-history":[{"count":6,"href":"https:\/\/praxis-dr-benner.de\/en\/wp-json\/wp\/v2\/pages\/244\/revisions"}],"predecessor-version":[{"id":1001,"href":"https:\/\/praxis-dr-benner.de\/en\/wp-json\/wp\/v2\/pages\/244\/revisions\/1001"}],"up":[{"embeddable":true,"href":"https:\/\/praxis-dr-benner.de\/en\/wp-json\/wp\/v2\/pages\/165"}],"wp:attachment":[{"href":"https:\/\/praxis-dr-benner.de\/en\/wp-json\/wp\/v2\/media?parent=244"}],"curies":[{"name":"wp","href":"https:\/\/api.w.org\/{rel}","templated":true}]}}

<figure class="wp-block-image size-full"><img decoding="async" width="1920" height="436" data-src="https://praxis-dr-benner.de/wp-content/uploads/2021/05/schlafapnoe_header.jpg" alt="Zahnarzt Dr. Benner" class="wp-image-402 lazyload" title="Zahnarzt Dr. Benner" data-srcset="https://praxis-dr-benner.de/wp-content/uploads/2021/05/schlafapnoe_header.jpg 1920w, https://praxis-dr-benner.de/wp-content/uploads/2021/05/schlafapnoe_header-300x68.jpg 300w, https://praxis-dr-benner.de/wp-content/uploads/2021/05/schlafapnoe_header-1024x233.jpg 1024w, https://praxis-dr-benner.de/wp-content/uploads/2021/05/schlafapnoe_header-768x174.jpg 768w, https://praxis-dr-benner.de/wp-content/uploads/2021/05/schlafapnoe_header-1536x349.jpg 1536w" data-sizes="(max-width: 1920px) 100vw, 1920px" src="data:image/svg+xml;base64,PHN2ZyB3aWR0aD0iMSIgaGVpZ2h0PSIxIiB4bWxucz0iaHR0cDovL3d3dy53My5vcmcvMjAwMC9zdmciPjwvc3ZnPg==" style="--smush-placeholder-width: 1920px; --smush-placeholder-aspect-ratio: 1920/436;" /></figure>



<div class="wp-block-group fixed-size"><div class="wp-block-group__inner-container is-layout-flow wp-block-group-is-layout-flow">
<div style="height:35px" aria-hidden="true" class="wp-block-spacer"></div>



<h2 class="wp-block-heading">Schlafapnoe</h2>



<p>Durch periodische Verengungen der oberen Atemwege bedingt kommt es zu lauten Atemgeräuschen während des Schlafens. In starken Fällen kann dies zu einer Minderbelüftung der Lunge führen, weshalb in Kooperation mit Hals-Nasen-Ohrenärzten Folgegefahren (Bluthochdruck, Herzinfarkt oder Schlaganfall) ausgeschlossen werden müssen.</p>



<div class="wp-block-group fixed-size"><div class="wp-block-group__inner-container is-layout-flow wp-block-group-is-layout-flow">
<div style="height:40px" aria-hidden="true" class="wp-block-spacer"></div>



<div class="wp-block-columns is-layout-flex wp-container-core-columns-is-layout-9d6595d7 wp-block-columns-is-layout-flex">
<div class="wp-block-column is-vertically-aligned-center is-layout-flow wp-block-column-is-layout-flow">
<figure class="wp-block-image size-large"><img decoding="async" width="411" height="340" data-src="https://praxis-dr-benner.de/wp-content/uploads/2021/05/schlafapnoe_content01.jpg" alt="Zahnarzt Dr. Benner" class="wp-image-400 lazyload" title="Zahnarzt Dr. Benner" data-srcset="https://praxis-dr-benner.de/wp-content/uploads/2021/05/schlafapnoe_content01.jpg 411w, https://praxis-dr-benner.de/wp-content/uploads/2021/05/schlafapnoe_content01-300x248.jpg 300w" data-sizes="(max-width: 411px) 100vw, 411px" src="data:image/svg+xml;base64,PHN2ZyB3aWR0aD0iMSIgaGVpZ2h0PSIxIiB4bWxucz0iaHR0cDovL3d3dy53My5vcmcvMjAwMC9zdmciPjwvc3ZnPg==" style="--smush-placeholder-width: 411px; --smush-placeholder-aspect-ratio: 411/340;" /></figure>



<p></p>
</div>



<div class="wp-block-column is-layout-flow wp-block-column-is-layout-flow">
<h4 class="wp-block-heading">Der Kiefer muss nach vorne</h4>



<p>Durch eine sogenannte Unterkieferprotrusionsschiene wird der Unterkiefer in eine forcierte Vorschubhaltung gebracht. Dadurch sind die Zunge und weitere einengende Strukturen nach vorne verlagert und der Rachen wird gespannt. Dies garantiert, dass die Atemwege frei bleiben und der Atemwegswiderstand verringert wird.</p>



<div style="height:35px" aria-hidden="true" class="wp-block-spacer"></div>
</div>
</div>



<div style="height:20px" aria-hidden="true" class="wp-block-spacer"></div>
</div></div>
</div></div>



<div class="wp-block-group full-size light-blue"><div class="wp-block-group__inner-container is-layout-flow wp-block-group-is-layout-flow">
<div style="height:20px" aria-hidden="true" class="wp-block-spacer"></div>



<div class="wp-block-columns fixed-size is-layout-flex wp-container-core-columns-is-layout-9d6595d7 wp-block-columns-is-layout-flex">
<div class="wp-block-column is-vertically-aligned-center is-layout-flow wp-block-column-is-layout-flow">
<h2 class="wp-block-heading">Ruhe für den Schlafnachbarn</h2>



<p>Die Vorteile der Therapie sind nicht nur, dass man selbst erholsamer und ruhiger schläft. Auch für die Person, die neben einem liegt, werden die Nächte deutlich angenehmer und geruhsamer. Scheuen Sie sich nicht, uns anzusprechen!</p>
</div>



<div class="wp-block-column is-layout-flow wp-block-column-is-layout-flow"><div class="wp-block-image">
<figure class="alignright size-large"><img decoding="async" width="411" height="340" data-src="https://praxis-dr-benner.de/wp-content/uploads/2021/05/schlafapnoe_content02.jpg" alt="Zahnarzt Dr. Benner" class="wp-image-401 lazyload" title="Zahnarzt Dr. Benner" data-srcset="https://praxis-dr-benner.de/wp-content/uploads/2021/05/schlafapnoe_content02.jpg 411w, https://praxis-dr-benner.de/wp-content/uploads/2021/05/schlafapnoe_content02-300x248.jpg 300w" data-sizes="(max-width: 411px) 100vw, 411px" src="data:image/svg+xml;base64,PHN2ZyB3aWR0aD0iMSIgaGVpZ2h0PSIxIiB4bWxucz0iaHR0cDovL3d3dy53My5vcmcvMjAwMC9zdmciPjwvc3ZnPg==" style="--smush-placeholder-width: 411px; --smush-placeholder-aspect-ratio: 411/340;" /></figure>
</div></div>
</div>



<div style="height:21px" aria-hidden="true" class="wp-block-spacer"></div>
</div></div>



<div class="wp-block-columns wp-splate-before-footer is-layout-flex wp-container-core-columns-is-layout-9d6595d7 wp-block-columns-is-layout-flex">
<div class="wp-block-column spalte-color is-layout-flow wp-block-column-is-layout-flow">
<div style="height:40px" aria-hidden="true" class="wp-block-spacer"></div>




<div id="wk-gridc88" class="uk-grid-width-1-1 uk-grid-width-small-1-1 uk-grid-width-medium-1-1 uk-grid-width-large-1-2 uk-grid-width-xlarge-1-2 uk-grid uk-grid-match uk-text-left " data-uk-grid-match="{target:'> div > .uk-panel', row:true}" data-uk-grid-margin  data-uk-scrollspy="{cls:'uk-animation-scale-up uk-invisible', target:'> div > .uk-panel', delay:300}">


    <div>
        <div class="uk-panel uk-invisible">

            
            
                        <div class="uk-text-center uk-margin uk-margin-top-remove"><img decoding="async" data-src="/wp-content/uploads/2025/05/icon1.png" alt="PRAXIS" width="96" height="91" title="Zahnarzt Dr. Benner" src="data:image/svg+xml;base64,PHN2ZyB3aWR0aD0iMSIgaGVpZ2h0PSIxIiB4bWxucz0iaHR0cDovL3d3dy53My5vcmcvMjAwMC9zdmciPjwvc3ZnPg==" class="lazyload" style="--smush-placeholder-width: 96px; --smush-placeholder-aspect-ratio: 96/91;"></div>
            
            
            
            
            
                        <div class="uk-margin"><div id="kontakt_">.</div>
<h5>zahnmedizin rheinland</h5>
Landstr. 23<br>
50374 Erftstadt<br>
Tel. 02235 &#8211; 6525<br>
<a href="mailto:info@praxis-dr-benner.de">info@praxis-dr-benner.de</a><br>
<a href="https://praxis-dr-benner.de">www.praxis-dr-benner.de</a><br>
<hr></div>
            
            
            
            
        </div>
    </div>


</div>

<script>
(function($){

    // get the images of the gallery and replace it by a canvas of the same size to fix the problem with overlapping images on load.
    $('img[width][height]:not(.uk-overlay-panel)', $('#wk-gridc88')).each(function() {

        var $img = $(this);

        if (this.width == 'auto' || this.height == 'auto' || !$img.is(':visible')) {
            return;
        }

        var $canvas = $('<canvas class="uk-responsive-width"></canvas>').attr({width:$img.attr('width'), height:$img.attr('height')}),
            img = new Image,
            release = function() {
                $canvas.remove();
                $img.css('display', '');
                release = function(){};
            };

        $img.css('display', 'none').after($canvas);

        $(img).on('load', function(){ release(); });
        setTimeout(function(){ release(); }, 1000);

        img.src = this.src;

    });

})(jQuery);
</script>




<div style="height:40px" aria-hidden="true" class="wp-block-spacer"></div>
</div>



<div class="wp-block-column spalte-oz-block is-layout-flow wp-block-column-is-layout-flow">
<div style="height:71px" aria-hidden="true" class="wp-block-spacer"></div>




<div id="wk-grid89b" class="uk-grid-width-1-1 uk-grid-width-small-1-1 uk-grid-width-medium-1-1 uk-grid-width-large-1-2 uk-grid-width-xlarge-1-2 uk-grid uk-grid-match uk-text-left landigpage-oz" data-uk-grid-match="{target:'> div > .uk-panel', row:true}" data-uk-grid-margin  data-uk-scrollspy="{cls:'uk-animation-scale-up uk-invisible', target:'> div > .uk-panel', delay:300}">


    <div>
        <div class="uk-panel uk-invisible">

            
            
            
            
                        <h3 class="uk-panel-title">

                                    Öffnungszeiten                
                
            </h3>
            
            
            
                        <div class="uk-margin"><div class="">
<div id="oeffnungszeiten_">.</div>
<table>
<tbody>
<tr>
<td>Montag</td>
<td>07:30 &#8211; 19:30 Uhr</td>
</tr>
<tr>
<td>Dienstag</td>
<td>07:30 &#8211; 19:30 Uhr</td>
</tr>
<tr>
<td>Mittwoch</td>
<td>07:30 &#8211; 17:00 Uhr</td>
</tr>
<tr>
<td>Donnerstag</td>
<td>07:30 &#8211; 19:30 Uhr</td>
</tr>
<tr>
<td>Freitag</td>
<td>07:30 &#8211; 13:30 Uhr</td>
</tr>
</tbody>
</table></div>
</div>
            
            
            
            
        </div>
    </div>


</div>

<script>
(function($){

    // get the images of the gallery and replace it by a canvas of the same size to fix the problem with overlapping images on load.
    $('img[width][height]:not(.uk-overlay-panel)', $('#wk-grid89b')).each(function() {

        var $img = $(this);

        if (this.width == 'auto' || this.height == 'auto' || !$img.is(':visible')) {
            return;
        }

        var $canvas = $('<canvas class="uk-responsive-width"></canvas>').attr({width:$img.attr('width'), height:$img.attr('height')}),
            img = new Image,
            release = function() {
                $canvas.remove();
                $img.css('display', '');
                release = function(){};
            };

        $img.css('display', 'none').after($canvas);

        $(img).on('load', function(){ release(); });
        setTimeout(function(){ release(); }, 1000);

        img.src = this.src;

    });

})(jQuery);
</script>




<div style="height:10px" aria-hidden="true" class="wp-block-spacer"></div>



<p></p>
</div>
</div>

<p>Schlafapnoe Durch periodische Verengungen der oberen Atemwege bedingt kommt es zu lauten Atemgeräuschen während des Schlafens. In starken Fällen kann dies zu einer Minderbelüftung der Lunge führen, weshalb in Kooperation mit Hals-Nasen-Ohrenärzten Folgegefahren (Bluthochdruck, Herzinfarkt oder Schlaganfall) ausgeschlossen werden müssen. Der Kiefer muss nach vorne Durch eine sogenannte Unterkieferprotrusionsschiene wird der Unterkiefer in eine forcierte [&hellip;]</p>
